/2)/((-18)/(-180)). Suppose -5*m + i = -0*m. What are the prime factors of m?
3, 13
Let x(s) = s + 16. Suppose 27 = -4*n + 5*l, -n - 59 = 2*n + 4*l. Let u be x(n). Suppose u*o + f - 43 = 0, 0*o - 3*f - 79 = -4*o. List the prime factors of o.
2
What are the prime factors of (-4)/2*(-4050)/25?
2, 3
Suppose 3*k = 1 + 8. What are the prime factors of k/(231/(-60) + 4)?
2, 5
Suppose 0 = 27*y - 7200 + 1719. List the prime factors of y.
7, 29
Suppose -k = -5*q - 3 - 1, 2*q - 4*k + 16 = 0. Suppose q = p - 3*w - w - 112, 2*w = -5*p + 538. What are the prime factors of p?
2, 3
List the prime factors of -6*(-29316)/36 + 7.
3, 7, 233
Suppose -7*f + 7760 = 3*f. Suppose 5*b - 104 = f. List the prime factors of b.
2, 11
Let u(m) = 177*m - 42 - 87*m - 85*m. List the prime factors of u(15).
3, 11
Suppose 5 = 5*m - 5. Let z be (36/(-5))/(m/15). Let r = z - -88. What are the prime factors of r?
2, 17
List the prime factors of 1/3 + 0 - (-5709)/99.
2, 29
Suppose 97 = 2*b - s - 358, 2*b - 445 = 3*s. List the prime factors of b.
2, 5, 23
Suppose 4*y = 3*g + 18857, 3*y - 1941 - 12209 = -5*g. List the prime factors of y.
5, 23, 41
Let v(a) = 21*a**2 + 29*a - 26. What are the prime factors of v(-15)?
2, 13, 41
Suppose 2*p - 384 = 4*w + 302, 3*w - 1715 = -5*p. Suppose p = 5*m - 37. List the prime factors of m.
2, 19
Let w(x) = x**3 + 14*x**2 - 35*x - 24. What are the prime factors of w(-11)?
2, 181
Suppose 0 = -3*z + 15, -8*z + 5*z = -r + 2080. List the prime factors of r.
5, 419
Let n(l) = 2*l**2 - l + 1. Suppose 2 = -4*z + 6. Let a be n(z). Suppose -2*o + 162 = a*o + 2*x, 4*o - 3*x - 167 = 0. List the prime factors of o.
41
Let p(v) be the second derivative of 101*v**3/6 + v**2 - 8*v. List the prime factors of p(1).
103
List the prime factors of 46/(-115)*(4 + -10219).
2, 3, 227
Let q(u) = 14*u**2 - 7*u - 25. Let s be q(-7). Suppose 2*k + 2*l - 171 = k, 4*k - 5*l - s = 0. List the prime factors of k.
5, 7
Suppose -6766 - 13331 = -33*g. What are the prime factors of g?
3, 7, 29
Let w(p) = -2*p**3 - 12*p**2 + 17*p + 65. List the prime factors of w(-13).
2, 5, 13, 17
Let m = -11 - -6. Let d = m + 8. Let s = 20 - d. What are the prime factors of s?
17
Suppose 0 = 41*p - 38*p - 840. Let x be (-50)/4 + 1/2. List the prime factors of p/12 - (-4)/x.
23
List the prime factors of (6 - (-6 - -8)) + 207*4.
2, 13
Let n(j) be the third derivative of -j**4/4 - 25*j**3/6 - 4*j**2. List the prime factors of n(-6).
11
Suppose -2*q - 4*k + 1434 = 0, -23*q + 25*q - 2*k = 1452. What are the prime factors of q?
3, 241
List the prime factors of 1/6 + (-33208)/(-48).
2, 173
Suppose -24*g + 18*g = -2100. What are the prime factors of g?
2, 5, 7
Let c(n) = -n**3 - 8*n**2 - 12*n - 15. Let t be c(-9). Let r = t + 59. List the prime factors of r.
233
Suppose -34*o + 6*o = -280. What are the prime factors of o?
2, 5
Let r(q) = -26*q - 1. Let t(m) = 25*m. Let o(b) = -3*r(b) - 4*t(b). List the prime factors of o(-1).
5
Suppose 41*a - 38*a + 1859 = 4*h, 2*a + 2322 = 5*h. List the prime factors of h.
2, 29
Let a = -58 - 15. What are the prime factors of (-3 - -2)/(4 + 293/a)?
73
Suppose -6*d + 1419 = -3*d. List the prime factors of d.
11, 43
Suppose p - 4*r = -5*r + 25, 3*p = 4*r + 89. Let v be 12/4 - p*1. Let c = v + 44. What are the prime factors of c?
2, 5
Let a(z) = z**2 + z - 42. Let p be (0 - 3)/(-3) + (-12)/1. What are the prime factors of a(p)?
2, 17
Let u(w) = 438*w - 202. List the prime factors of u(7).
2, 179
Suppose 1432 = 10*h - 678. What are the prime factors of h?
211
Let b(o) = -2 - 2 + 3 + 3*o**2 + 15*o**2. What are the prime factors of b(-2)?
71
Let q be -2*(-1)/2*2. Suppose -g = q*m - 32, 4*m - 2*g = 2 + 78. What are the prime factors of m?
2, 3
Suppose 95 = 6*s + 59. Let f(k) = k + 1. Let h be f(-1). List the prime factors of 124/(s - 4 - h).
2, 31
Let y(l) be the second derivative of 0 + 1/2*l**2 - l + 5/6*l**3. List the prime factors of y(2).
11
Suppose i + 3*i - c = 148, -2*c = 4*i - 136. Let n = i + 12. List the prime factors of n.
2, 3
Let p = 1085 - 529. What are the prime factors of p?
2, 139
Let u = -2584 - -4324. What are the prime factors of u?
2, 3, 5, 29
Suppose 2*p + 5 = -4*k + 35, k = 3*p - 66. What are the prime factors of p/(-28) + 862/8?
107
Let u be 1/2*2*4. Suppose x - 2 = -u*h, -h - 10 = 4*h - 5*x. What are the prime factors of h + 18*7/2?
3, 7
Suppose 30*f - 78239 - 23191 = 0. What are the prime factors of f?
3, 7, 23
Suppose 0 = 5*a - 5*s + 4*s - 11804, -2*a = -5*s - 4740. Suppose 0 = 6*w - w + a. What are the prime factors of 2/5 + w/(-20)?
2, 3
Let m(o) = -2*o + 17. Let r(j) = j**2. Let w be r(0). Let b = 0 + w. List the prime factors of m(b).
17
Let b(r) = -r**3 - 3*r**2 + r + 3. Let q be b(-3). Suppose -5*f - 19 - 241 = q. List the prime factors of (f - (-1 - -2))/(-1).
53
Suppose v + 25 = 5*m, -3*v - 3*m = -2*m + 11. Let r be 3 - v*(-12)/20. Suppose 0 = 5*l + 4*k - 252 + 59, 3*l - 2*k - 129 = r. What are the prime factors of l?
41
Suppose 0*r + 5*r = -10. Let l be 2/7 + r/7. What are the prime factors of 2*(-13)/(-1 + l)?
2, 13
Let s(f) = -9*f**3 + 17*f**2 + 14*f + 3. What are the prime factors of s(-7)?
3, 5, 17
Let c = -52 + 17. Let w = 127 + c. What are the prime factors of w?
2, 23
List the prime factors of ((105/(-28))/5)/(3/(-11028)).
3, 919
Let t(u) = -u**3 - u**2 - u - 1. Let y be t(-4). Let q be 75 + 0 + -2 - -2. Let x = q - y. List the prime factors of x.
2, 3
Let u = 1391 + -451. What are the prime factors of u?
2, 5, 47
Suppose h - 71 = 3*q - h, 3*q = -4*h - 65. Let m = q - -72. Let d = 97 - m. What are the prime factors of d?
2, 3
Suppose -2*k + 192 = -4. Suppose 10*f + 1653 = -19*f. Let b = f + k. List the prime factors of b.
41
Let r(s) = -2*s**2 - 11*s - 1. Suppose 5*b + 0*q = 3*q - 40, 24 = -3*b + 5*q. Let l be r(b). Let k = l - -63. What are the prime factors of k?
2, 11
Suppose 3*h + 8976 = 15*h. List the prime factors of h.
2, 11, 17
Suppose -23*i - 798 = -25*i. Let f = -201 + i. List the prime factors of f.
2, 3, 11
Suppose -102*i - 28638 = -120*i. What are the prime factors of i?
37, 43
Let t = 59 - -47. Suppose -h + t = k - 47, -4*h - 2*k = -604. What are the prime factors of h?
149
Suppose 6*d + 45 = -3*d. What are the prime factors of (-1088)/d + 2 + 24/(-15)?
2, 109
Let d = -299 - -2048. What are the prime factors of d?
3, 11, 53
Suppose 6*a - 59 = 1. Suppose -9*g + a*g = -67. Let h = -40 - g. List the prime factors of h.
3
Let q be -2 + 0 - 9/(45/(-20)). Suppose -2 = -q*p + 8. List the prime factors of p.
5
Let x(v) = -10*v + 71. What are the prime factors of x(-33)?
401
Let g(c) = 9*c - 11. Let p = 29 + -20. List the prime factors of g(p).
2, 5, 7
Let h be 90/210 - 3/7. Suppose 2*l + 5*p - 421 = 0, h*l + 2*l - 403 = p. What are the prime factors of l?
7, 29
Let r = -3 - -3. Let q(m) = -1. Let v(a) = 2*a - 42. Let w(b) = 3*q(b) - v(b). List the prime factors of w(r).
3, 13
Suppose g + 252 = 2143. What are the prime factors of g?
31, 61
Suppose 4269 = 29*a - 3967. List the prime factors of a.
2, 71
Suppose n = 8 - 2. Suppose -2*d + 5*a = -n*d - 59, 4*d - 5*a + 109 = 0. Let l = 45 + d. List the prime factors of l.
2, 3
Let f(g) = g + 15. Let u be f(17). Suppose -3*b = -p - 6 - 31, u = 4*b + 3*p. What are the prime factors of b?
11
Suppose 514 = -8*j + 434. Let l = -211 + 121. What are the prime factors of (l/j)/(6/4)?
2, 3
Let r(v) = -v - 6. Let w = -46 - -38. What are the prime factors of r(w)?
2
Suppose 35*r = -6563 + 102183. What are the prime factors of r?
2, 683
Suppose 66*n = 63*n + 11739. What are the prime factors of n?
7, 13, 43
Let k(b) = -2*b**3 - 7*b**2 + 2*b - 33. List the prime factors of k(-13).
2, 197
Suppose 3*l - 5 = -4*z - 7, 4 = -2*l - 4*z. Let t = 12 + -8. Suppose m - l*x = 34, t*x + 158 = 4*m + m. What are the prime factors of m?
2, 3, 5
Let g(z) = -7*z + 129. List the prime factors of g(-10).
199
Let v(w) = -w**2 + 7*w - 3. Let t be v(6). Suppose 2*f - 288 = -5*c, 2*c = -0*f + t*f + 100. Let h = -14 + c. What are the prime factors of h?
2, 3, 7
Suppose -5*z + 2507 = -533. Suppose u = 4*l - z, -l - 5*u = -6*l + 745. What are the prime factors of l?
3, 17
What are the prime factors of (8/(-3))/(9/(-2106))?
2, 3, 13
Let i(c) = -c**3 - 2*c**2 - 17*c - 1. What are the prime factors of i(-7)?
3, 11
Suppose -